{"id":44,"date":"2018-05-25T20:17:01","date_gmt":"2018-05-25T23:17:01","guid":{"rendered":"http:\/\/santacasadepelotas.com.br\/novolayout\/?page_id=44"},"modified":"2026-03-16T11:22:13","modified_gmt":"2026-03-16T14:22:13","slug":"banco-de-sangue","status":"publish","type":"page","link":"https:\/\/santacasadepelotas.com.br\/index.php\/banco-de-sangue\/","title":{"rendered":"Banco de sangue"},"content":{"rendered":"<p>[vc_row][vc_column][vc_empty_space]<h3 class=\"grve-element grve-align-left grve-title-no-line grve-h3\" style=\"\"><span>Banco de Sangue<\/span><\/h3>[vc_column_text]<\/p>\n<p style=\"text-align: justify;\">O Servi\u00e7o Hemoterapia da Santa Casa de Miseric\u00f3rdia de Pelotas recebe uma m\u00e9dia de 700 doa\u00e7\u00f5es por m\u00eas, sendo respons\u00e1vel n\u00e3o apenas pela Hemoterapia do Hospital Santa Casa, como tamb\u00e9m do Hospital Escola HE-UFPel, Hospital Miguel Piltcher, Hospital Clinicanp, Unimed, Beneficiencia Portuguesa, entre outros.<br \/>\nRealizamos ainda transfus\u00f5es em n\u00edvel ambulatorial abrangendo pacientes de diversos conv\u00eanios e tamb\u00e9m os usu\u00e1rios do SUS.<br \/>\nNosso compromisso \u00e9 a qualidade do trabalho prestado e, para tanto, contamos com equipe multiprofissional.<\/p>\n<p>[\/vc_column_text]<div class=\"grve-element grve-message grve-bg-blue\" style=\"\">  <i class=\"grve-icon fa fa-clock-o\"><\/i>  <p>Hor\u00e1rio de atendimento: Segunda a sexta das 7h30 \u00e0s 17h30 (sem fechar ao meio-dia) e todo o \u00faltimo s\u00e1bado do m\u00eas das 7h30 \u00e0s 12h<\/p><\/div>[vc_column_text]<\/p>\n<p style=\"text-align: justify;\"><strong>Para doar voc\u00ea precisa:<br \/>\n<\/strong><img loading=\"lazy\" decoding=\"async\" class=\"alignnone wp-image-335\" src=\"http:\/\/santacasadepelotas.com.br\/wp-content\/uploads\/2018\/08\/icone01.png\" alt=\"\" width=\"23\" height=\"23\" \/>Dormir no m\u00ednimo 6 horas na noite anterior;<br \/>\n<img loading=\"lazy\" decoding=\"async\" class=\"alignnone wp-image-335\" src=\"http:\/\/santacasadepelotas.com.br\/wp-content\/uploads\/2018\/08\/icone01.png\" alt=\"\" width=\"23\" height=\"23\" \/>Estar bem de sa\u00fade;<br \/>\n<img loading=\"lazy\" decoding=\"async\" class=\"alignnone wp-image-335\" src=\"http:\/\/santacasadepelotas.com.br\/wp-content\/uploads\/2018\/08\/icone01.png\" alt=\"\" width=\"23\" height=\"23\" \/>Ter idade entre 18 e 69 anos, 11 meses e 29 dias;<br \/>\n<img loading=\"lazy\" decoding=\"async\" class=\"alignnone wp-image-335\" src=\"http:\/\/santacasadepelotas.com.br\/wp-content\/uploads\/2018\/08\/icone01.png\" alt=\"\" width=\"23\" height=\"23\" \/> A Doa\u00e7\u00e3o para menores de 18 anos (entre 16 e 17 anos e 11 meses) necessita de autoriza\u00e7\u00e3o dos pais;<br \/>\n<img loading=\"lazy\" decoding=\"async\" class=\"alignnone wp-image-335\" src=\"http:\/\/santacasadepelotas.com.br\/wp-content\/uploads\/2018\/08\/icone01.png\" alt=\"\" width=\"23\" height=\"23\" \/>Doar no m\u00e1ximo 4 vezes por ano, caso seja homem e, 3 vezes no caso das mulheres;<br \/>\n<img loading=\"lazy\" decoding=\"async\" class=\"alignnone wp-image-335\" src=\"http:\/\/santacasadepelotas.com.br\/wp-content\/uploads\/2018\/08\/icone01.png\" alt=\"\" width=\"23\" height=\"23\" \/>Pesar mais de 50kg;<br \/>\n<img loading=\"lazy\" decoding=\"async\" class=\"alignnone wp-image-335\" src=\"http:\/\/santacasadepelotas.com.br\/wp-content\/uploads\/2018\/08\/icone01.png\" alt=\"\" width=\"23\" height=\"23\" \/>N\u00e3o ser usu\u00e1rio de drogas;<br \/>\n<img loading=\"lazy\" decoding=\"async\" class=\"alignnone wp-image-335\" src=\"http:\/\/santacasadepelotas.com.br\/wp-content\/uploads\/2018\/08\/icone01.png\" alt=\"\" width=\"23\" height=\"23\" \/>N\u00e3o estar gr\u00e1vida ou amamentando;<br \/>\n<img loading=\"lazy\" decoding=\"async\" class=\"alignnone wp-image-335\" src=\"http:\/\/santacasadepelotas.com.br\/wp-content\/uploads\/2018\/08\/icone01.png\" alt=\"\" width=\"23\" height=\"23\" \/>N\u00e3o ter efetuado contato sexual com pessoas que tenham comportamento de risco para doen\u00e7as transmiss\u00edveis pelo sangue;<br \/>\n<img loading=\"lazy\" decoding=\"async\" class=\"alignnone wp-image-335\" src=\"http:\/\/santacasadepelotas.com.br\/wp-content\/uploads\/2018\/08\/icone01.png\" alt=\"\" width=\"23\" height=\"23\" \/>Estar bem alimentado, observando o intervalo m\u00ednimo de 2 horas ap\u00f3s o almo\u00e7o e 1 hora ap\u00f3s o caf\u00e9 ou lanche, n\u00e3o ultrapassando 4 horas sem alimenta\u00e7\u00e3o;<br \/>\n<img loading=\"lazy\" decoding=\"async\" class=\"alignnone wp-image-335\" src=\"http:\/\/santacasadepelotas.com.br\/wp-content\/uploads\/2018\/08\/icone01.png\" alt=\"\" width=\"23\" height=\"23\" \/>Portar documento original com foto;<br \/>\n<img loading=\"lazy\" decoding=\"async\" class=\"alignnone wp-image-335\" src=\"http:\/\/santacasadepelotas.com.br\/wp-content\/uploads\/2018\/08\/icone01.png\" alt=\"\" width=\"23\" height=\"23\" \/>N\u00e3o fumar duas horas antes da doa\u00e7\u00e3o;<br \/>\n<img loading=\"lazy\" decoding=\"async\" class=\"alignnone wp-image-335\" src=\"http:\/\/santacasadepelotas.com.br\/wp-content\/uploads\/2018\/08\/icone01.png\" alt=\"\" width=\"23\" height=\"23\" \/>N\u00e3o ingerir bebidas alco\u00f3licas 12 horas antes da doa\u00e7\u00e3o.<\/p>\n<p style=\"text-align: justify;\"><strong>O que n\u00e3o fazer ap\u00f3s a doa\u00e7\u00e3o:<\/strong><\/p>\n<p style=\"text-align: justify;\"><img loading=\"lazy\" decoding=\"async\" class=\"alignnone wp-image-335\" src=\"http:\/\/santacasadepelotas.com.br\/wp-content\/uploads\/2018\/08\/icone01.png\" alt=\"\" width=\"23\" height=\"23\" \/>Flexionar o bra\u00e7o em que realizou a doa\u00e7\u00e3o;<br \/>\n<img loading=\"lazy\" decoding=\"async\" class=\"alignnone wp-image-335\" src=\"http:\/\/santacasadepelotas.com.br\/wp-content\/uploads\/2018\/08\/icone01.png\" alt=\"\" width=\"23\" height=\"23\" \/>Fumar por duas horas devido \u00e0 possibilidade de repercuss\u00f5es cardiovasculares;<br \/>\n<img loading=\"lazy\" decoding=\"async\" class=\"alignnone wp-image-335\" src=\"http:\/\/santacasadepelotas.com.br\/wp-content\/uploads\/2018\/08\/icone01.png\" alt=\"\" width=\"23\" height=\"23\" \/>Ingerir bebidas alco\u00f3licas por 12 horas;<br \/>\n<img loading=\"lazy\" decoding=\"async\" class=\"alignnone wp-image-335\" src=\"http:\/\/santacasadepelotas.com.br\/wp-content\/uploads\/2018\/08\/icone01.png\" alt=\"\" width=\"23\" height=\"23\" \/>Exercer esfor\u00e7o f\u00edsico durante o dia da doa\u00e7\u00e3o;<br \/>\n<img loading=\"lazy\" decoding=\"async\" class=\"alignnone wp-image-335\" src=\"http:\/\/santacasadepelotas.com.br\/wp-content\/uploads\/2018\/08\/icone01.png\" alt=\"\" width=\"23\" height=\"23\" \/>Exercer atividades de risco como:<br \/>\n<img loading=\"lazy\" decoding=\"async\" class=\"alignnone wp-image-437\" src=\"http:\/\/santacasadepelotas.com.br\/wp-content\/uploads\/2018\/10\/icone03-300x300.png\" alt=\"\" width=\"20\" height=\"20\" \/>\u00a0Operar m\u00e1quinas de corte ou prensa e dirigir ve\u00edculos coletivos por 12 horas;<br \/>\n<img loading=\"lazy\" decoding=\"async\" class=\"alignnone wp-image-437\" src=\"http:\/\/santacasadepelotas.com.br\/wp-content\/uploads\/2018\/10\/icone03-300x300.png\" alt=\"\" width=\"20\" height=\"20\" \/>\u00a0Trabalhar em andaimes ou saltar de p\u00e1ra-quedas por 24 horas;<br \/>\n<img loading=\"lazy\" decoding=\"async\" class=\"alignnone wp-image-437\" src=\"http:\/\/santacasadepelotas.com.br\/wp-content\/uploads\/2018\/10\/icone03-300x300.png\" alt=\"\" width=\"20\" height=\"20\" \/>\u00a0Fazer press\u00f5es fortes, dobrar o bra\u00e7o ou tentar levantar objetos pesados com o bra\u00e7o utilizado para o recolhimento do sangue;<br \/>\n<img loading=\"lazy\" decoding=\"async\" class=\"alignnone wp-image-437\" src=\"http:\/\/santacasadepelotas.com.br\/wp-content\/uploads\/2018\/10\/icone03-300x300.png\" alt=\"\" width=\"20\" height=\"20\" \/> Caso ocorrer sangramento no local da pun\u00e7\u00e3o venosa, reaplicar press\u00e3o direta at\u00e9 que cesse.<\/p>\n<p style=\"text-align: justify;\"><strong>Intervalo entre Doa\u00e7\u00f5es:<br \/>\n<\/strong>Homens: 60 dias (m\u00e1ximo de 4 doa\u00e7\u00f5es no per\u00edodo de um ano)<br \/>\nMulheres: 90 dias ( m\u00e1ximo de 3 doa\u00e7\u00f5es no per\u00edodo de um ano)<\/p>\n<p style=\"text-align: justify;\"><strong>Pra onde vai o sangue doado?<br \/>\n<\/strong>Todo sangue doado \u00e9 separado em diferentes componentes, tais como:<br \/>\n<strong>Hem\u00e1cias<\/strong>, <strong>plaquetas<\/strong>, <strong>plasma e crioprecipitado<\/strong>.<\/p>\n<p style=\"text-align: justify;\">Desse modo, uma doa\u00e7\u00e3o pode beneficiar mais de um paciente.<\/p>\n<p style=\"text-align: justify;\"><strong>Voc\u00ea sabe o que \u00e9 janela imunol\u00f3gica?<br \/>\n<\/strong>Quando uma pessoa contrai uma doen\u00e7a infecciosa, \u00e9 necess\u00e1rio que se espere algum tempo at\u00e9 que a doen\u00e7a possa ser diagnosticada atrav\u00e9s de exames de laborat\u00f3rio. Esse tempo \u00e9 chamado de Per\u00edodo de Janela Imunol\u00f3gica.<br \/>\nDurante esse per\u00edodo, o doador de sangue pode estar contaminado e os exames serem negativos. Para evitar que as pessoas, dentro da janela imunol\u00f3gica, doem sangue, \u00e9 necess\u00e1rio fazer uma entrevista detalhada com os candidatos \u00e0 doa\u00e7\u00e3o.<br \/>\nNosso compromisso \u00e9 proteger a sa\u00fade dos pacientes que necessitam receber as doa\u00e7\u00f5es, por isso, contamos sempre com a sinceridade e a compreens\u00e3o da popula\u00e7\u00e3o doadora de sangue.<\/p>\n<p style=\"text-align: justify;\"><strong>Importante:<br \/>\n<\/strong>Nunca doe sangue se voc\u00ea quiser apenas fazer exames para AIDS.<br \/>\nNeste caso, procure centros para testes an\u00f4nimos e gratuitos da Secretaria de Sa\u00fade.<\/p>\n<p style=\"text-align: justify;\">\u201cA Doa\u00e7\u00e3o de Sangue \u00e9 um ato de amor que ajuda a salvar v\u00e1rias vidas!\u201d<br \/>\nSeja um Doador Volunt\u00e1rio!<\/p>\n<p><img loading=\"lazy\" decoding=\"async\" class=\"alignnone size-full wp-image-2173\" src=\"http:\/\/santacasadepelotas.com.br\/wp-content\/uploads\/2024\/06\/1718028797547-0d277fb8-b308-465a-bd6c-66fd4286e27e_1.jpg\" alt=\"\" width=\"1024\" height=\"614\" srcset=\"https:\/\/santacasadepelotas.com.br\/wp-content\/uploads\/2024\/06\/1718028797547-0d277fb8-b308-465a-bd6c-66fd4286e27e_1.jpg 1024w, https:\/\/santacasadepelotas.com.br\/wp-content\/uploads\/2024\/06\/1718028797547-0d277fb8-b308-465a-bd6c-66fd4286e27e_1-300x180.jpg 300w, https:\/\/santacasadepelotas.com.br\/wp-content\/uploads\/2024\/06\/1718028797547-0d277fb8-b308-465a-bd6c-66fd4286e27e_1-768x461.jpg 768w\" sizes=\"(max-width: 1024px) 100vw, 1024px\" \/>[\/vc_column_text][\/vc_column][\/vc_row]<\/p>\n","protected":false},"excerpt":{"rendered":"<p>[vc_row][vc_column][vc_empty_space][vc_column_text] O Servi\u00e7o Hemoterapia da Santa Casa de Miseric\u00f3rdia de Pelotas recebe uma m\u00e9dia de 700 doa\u00e7\u00f5es por m\u00eas, sendo respons\u00e1vel n\u00e3o apenas pela Hemoterapia do Hospital Santa Casa, como tamb\u00e9m do Hospital Escola HE-UFPel, Hospital Miguel Piltcher, Hospital Clinicanp, Unimed, Beneficiencia Portuguesa, entre outros. Realizamos ainda transfus\u00f5es em n\u00edvel ambulatorial abrangendo pacientes de diversos [&hellip;]<\/p>\n","protected":false},"author":6,"featured_media":284,"parent":0,"menu_order":0,"comment_status":"closed","ping_status":"closed","template":"","meta":{"footnotes":""},"_links":{"self":[{"href":"https:\/\/santacasadepelotas.com.br\/index.php\/wp-json\/wp\/v2\/pages\/44"}],"collection":[{"href":"https:\/\/santacasadepelotas.com.br\/index.php\/wp-json\/wp\/v2\/pages"}],"about":[{"href":"https:\/\/santacasadepelotas.com.br\/index.php\/wp-json\/wp\/v2\/types\/page"}],"author":[{"embeddable":true,"href":"https:\/\/santacasadepelotas.com.br\/index.php\/wp-json\/wp\/v2\/users\/6"}],"replies":[{"embeddable":true,"href":"https:\/\/santacasadepelotas.com.br\/index.php\/wp-json\/wp\/v2\/comments?post=44"}],"version-history":[{"count":26,"href":"https:\/\/santacasadepelotas.com.br\/index.php\/wp-json\/wp\/v2\/pages\/44\/revisions"}],"predecessor-version":[{"id":1150,"href":"https:\/\/santacasadepelotas.com.br\/index.php\/wp-json\/wp\/v2\/pages\/44\/revisions\/1150"}],"wp:featuredmedia":[{"embeddable":true,"href":"https:\/\/santacasadepelotas.com.br\/index.php\/wp-json\/wp\/v2\/media\/284"}],"wp:attachment":[{"href":"https:\/\/santacasadepelotas.com.br\/index.php\/wp-json\/wp\/v2\/media?parent=44"}],"curies":[{"name":"wp","href":"https:\/\/api.w.org\/{rel}","templated":true}]}}