{"id":30,"date":"2018-05-25T19:57:56","date_gmt":"2018-05-25T22:57:56","guid":{"rendered":"http:\/\/santacasadepelotas.com.br\/novolayout\/?page_id=30"},"modified":"2025-11-26T08:53:51","modified_gmt":"2025-11-26T11:53:51","slug":"provedoria-administracao","status":"publish","type":"page","link":"http:\/\/santacasadepelotas.com.br\/index.php\/provedoria-administracao\/","title":{"rendered":"Provedoria e Administra\u00e7\u00e3o"},"content":{"rendered":"<p>[vc_row][vc_column][vc_empty_space]<h3 class=\"grve-element grve-align-left grve-title-no-line grve-h3\" style=\"\"><span>Provedoria e Administra\u00e7\u00e3o<\/span><\/h3>[\/vc_column][\/vc_row][vc_row][vc_column][vc_tta_accordion active_section=&#8221;0&#8243;][vc_tta_section title=&#8221;Provedor&#8221; tab_id=&#8221;1539865449971-35ff8b02-4b01&#8243;]<div class=\"grve-element grve-image-text\" style=\"\"><div class=\"grve-image\"><img loading=\"lazy\" decoding=\"async\" width=\"264\" height=\"264\" src=\"http:\/\/santacasadepelotas.com.br\/wp-content\/uploads\/2023\/08\/Provedor.png\" class=\"attachment-full size-full\" alt=\"\" srcset=\"http:\/\/santacasadepelotas.com.br\/wp-content\/uploads\/2023\/08\/Provedor.png 1x,http:\/\/santacasadepelotas.com.br\/wp-content\/uploads\/2023\/08\/Provedor.png 2x\" \/><\/div>  <div class=\"grve-content grve-align-left\">    <h4>ANGELO FERNANDO ORTIZ DA SILVA<\/h4>  <\/div><\/div>[\/vc_tta_section][vc_tta_section title=&#8221;Vice-Provedor&#8221; tab_id=&#8221;1539865449993-189556be-af95&#8243;]<div class=\"grve-element grve-image-text\" style=\"\"><div class=\"grve-image\"><img loading=\"lazy\" decoding=\"async\" width=\"264\" height=\"264\" src=\"http:\/\/santacasadepelotas.com.br\/wp-content\/uploads\/2023\/08\/ViceProvedor.png\" class=\"attachment-full size-full\" alt=\"\" srcset=\"http:\/\/santacasadepelotas.com.br\/wp-content\/uploads\/2023\/08\/ViceProvedor.png 1x,http:\/\/santacasadepelotas.com.br\/wp-content\/uploads\/2023\/08\/ViceProvedor.png 2x\" \/><\/div>  <div class=\"grve-content grve-align-left\">    <h4>PEDRO RENATO RIBEIRO GUIMAR\u00c3ES <\/h4>  <\/div><\/div>[\/vc_tta_section][\/vc_tta_accordion][vc_column_text]<span style=\"font-size: 14pt;\"><strong>MESA ADMINISTRATIVA<\/strong><\/span><br \/>\n<span style=\"font-size: 14pt;\"><strong>(Gest\u00e3o: 01\/04\/2023 a 31\/03\/2025)<\/strong><\/span><\/p>\n<p><strong>Provedor \u2014 <\/strong>ANGELO FERNANDO ORTIZ DA SILVA<br \/>\n<strong>Vice-Provedor \u2014 <\/strong>PEDRO RENATO RIBEIRO GUIMAR\u00c3ES<br \/>\n<strong>Escriv\u00e3o \u2014 <\/strong>ELMAR CARLOS HADLER<br \/>\n<strong>Escriv\u00e3o Adjunto \u2014 <\/strong>M\u00c1RIO ZANETTI<br \/>\n<strong>Tesoureiro \u2014 <\/strong>PAULO TEJADA XAVIER<br \/>\n<strong>Tesoureiro Adjunto \u2014 <\/strong>\u00a0JOS\u00c9 FRANCISCO LAMAS DOMINGUES<\/p>\n<p><span style=\"font-size: 14pt;\"><strong>Mes\u00e1rios<\/strong><\/span><br \/>\nMAUR\u00cdCIO ALBERTO GOLDBAUM<br \/>\nUBIRAJARA TERRA<br \/>\nNILTON HAERTEL GOMES<br \/>\nJOS\u00c9 FERNANDO GONZALEZ<br \/>\nFERNANDO PASSOS DA ROCHA<br \/>\nADOLFO ANT\u00d4NIO FETTER J\u00daNIOR<\/p>\n<p><span style=\"font-size: 14pt;\"><strong>Suplentes<\/strong><\/span><br \/>\nPEDRO MACEDO TRINDADE<br \/>\nNELSON MARTINS SOARES SOBRINHO<br \/>\nCILOTER BORGES IRIBARREM<\/p>\n<p>&nbsp;<\/p>\n<p><span style=\"font-size: 14pt;\"><strong>CONSELHO DELIBERATIVO<br \/>\n(Gest\u00e3o: 01\/07\/2024 a 30\/06\/2027)<br \/>\n<\/strong><\/span><\/p>\n<p><strong>Presidente:<\/strong> Jos\u00e9 Ricardo Recuero de Castro<br \/>\n<strong>Vice-Presidente:<\/strong> S\u00e9rgio Ant\u00f4nio Ferreira Vinhaes<br \/>\n<strong>1\u00ba Secret\u00e1rio:<\/strong> Carlos Fernando dos Santos Oliveira<br \/>\n<strong>2\u00ba Secret\u00e1rio:<\/strong> Jorge Luiz Martins<\/p>\n<p><span style=\"font-size: 14pt;\"><strong>Conselheiros:<\/strong><\/span><\/p>\n<ul>\n<li>Antonio Aldrighi Ceron Filho<\/li>\n<li>Ant\u00f4nio Carlos Mazza Leite<\/li>\n<li>Carlos de Lima Silveira<\/li>\n<li>C\u00e9sar Renato Ramos Oliveira<\/li>\n<li>Cimarino Alves D\u2019Avila<\/li>\n<li>Cristiano Dettmann<\/li>\n<li>Daicy Jesus Teixeira<\/li>\n<li>Dario Miguel Lorenzi<\/li>\n<li>Diego de Almeida<\/li>\n<li>Gilberto Azambuja Centeno<\/li>\n<li>Greg\u00f3rio Alves D\u2019Avila<\/li>\n<li>Humberto Luiz Langone Sobrinho<\/li>\n<li>Jacir Bonat Cavalheiro<\/li>\n<li>Jair de Oliveira Pereira<\/li>\n<li>Jorge Luiz Almeida da Silva<\/li>\n<li>Jorge Luiz Lucas<\/li>\n<li>Jos\u00e9 Ananias Silveira do Amaral<\/li>\n<li>Jose Francisco Gon\u00e7alves Ruivo<\/li>\n<li>Jos\u00e9 Gilberto da Cunha Gastal<\/li>\n<li>Jos\u00e9 Luis Cavalheiro da Cruz<\/li>\n<li>Jos\u00e9 Menar\u00e9 Jorge<\/li>\n<li>Luis Fernando da Fonseca Parada<\/li>\n<li>Luiz Carlos Pereira da Silva<\/li>\n<li>Milton Britto de Almeida<\/li>\n<li>Nestor Carlos Aldeia Martins<\/li>\n<li>Ney do Amaral Lamas Junior<\/li>\n<li>Oswaldo Costa Filho<\/li>\n<li>Paulo Ricardo de Carvalho Silva<\/li>\n<li>Pedro Macedo Trindade<\/li>\n<li>Sergio Montagna Terra<\/li>\n<li>Silvio Cesar Gomes Cardoso<\/li>\n<li>Simon Orlando Halpern<\/li>\n<li>Tiago Antunes Veiga<\/li>\n<li>Wilson Jos\u00e9 Pachalski Filho<\/li>\n<\/ul>\n<p><span style=\"font-size: 14pt;\"><strong>Suplentes:<\/strong><\/span><\/p>\n<ul>\n<li>Augusto Saleh<\/li>\n<li>Tiago Radmann<\/li>\n<li>Johny Calegaro<\/li>\n<\/ul>\n<p><span style=\"font-size: 14pt;\"><strong>CONSELHO FISCAL<\/strong><\/span><br \/>\n<strong>(Gest\u00e3o: 01\/07\/2024 a 30\/06\/2027)<\/strong><\/p>\n<p><strong>Titulares<\/strong><\/p>\n<ul>\n<li>GABRIEL SHEIN DO COUTO<\/li>\n<li>LUIZ ALBINO COLOMBY<\/li>\n<li>EDILSON TEIXEIRA DO AMARAL BRITO<\/li>\n<\/ul>\n<p><strong>Suplentes<\/strong><\/p>\n<ul>\n<li>PAULO EBIRAJARA BARCELLOS DA SILVA<\/li>\n<li>JO\u00c3O GUILHERME CASAGRANDE J\u00daNIOR<\/li>\n<li>ALDER DE AZAMBUJA CASTAGNO<\/li>\n<\/ul>\n<p>[\/vc_column_text][\/vc_column][\/vc_row]<\/p>\n","protected":false},"excerpt":{"rendered":"<p>[vc_row][vc_column][vc_empty_space][\/vc_column][\/vc_row][vc_row][vc_column][vc_tta_accordion active_section=&#8221;0&#8243;][vc_tta_section title=&#8221;Provedor&#8221; tab_id=&#8221;1539865449971-35ff8b02-4b01&#8243;][\/vc_tta_section][vc_tta_section title=&#8221;Vice-Provedor&#8221; tab_id=&#8221;1539865449993-189556be-af95&#8243;][\/vc_tta_section][\/vc_tta_accordion][vc_column_text]MESA ADMINISTRATIVA (Gest\u00e3o: 01\/04\/2023 a 31\/03\/2025) Provedor \u2014 ANGELO FERNANDO ORTIZ DA SILVA Vice-Provedor \u2014 PEDRO RENATO RIBEIRO GUIMAR\u00c3ES Escriv\u00e3o \u2014 ELMAR CARLOS HADLER Escriv\u00e3o Adjunto \u2014 M\u00c1RIO ZANETTI Tesoureiro \u2014 PAULO TEJADA XAVIER Tesoureiro Adjunto \u2014 \u00a0JOS\u00c9 FRANCISCO LAMAS DOMINGUES Mes\u00e1rios MAUR\u00cdCIO ALBERTO GOLDBAUM UBIRAJARA TERRA NILTON HAERTEL GOMES [&hellip;]<\/p>\n","protected":false},"author":6,"featured_media":0,"parent":0,"menu_order":0,"comment_status":"closed","ping_status":"closed","template":"","meta":{"footnotes":""},"_links":{"self":[{"href":"http:\/\/santacasadepelotas.com.br\/index.php\/wp-json\/wp\/v2\/pages\/30"}],"collection":[{"href":"http:\/\/santacasadepelotas.com.br\/index.php\/wp-json\/wp\/v2\/pages"}],"about":[{"href":"http:\/\/santacasadepelotas.com.br\/index.php\/wp-json\/wp\/v2\/types\/page"}],"author":[{"embeddable":true,"href":"http:\/\/santacasadepelotas.com.br\/index.php\/wp-json\/wp\/v2\/users\/6"}],"replies":[{"embeddable":true,"href":"http:\/\/santacasadepelotas.com.br\/index.php\/wp-json\/wp\/v2\/comments?post=30"}],"version-history":[{"count":45,"href":"http:\/\/santacasadepelotas.com.br\/index.php\/wp-json\/wp\/v2\/pages\/30\/revisions"}],"predecessor-version":[{"id":668,"href":"http:\/\/santacasadepelotas.com.br\/index.php\/wp-json\/wp\/v2\/pages\/30\/revisions\/668"}],"wp:attachment":[{"href":"http:\/\/santacasadepelotas.com.br\/index.php\/wp-json\/wp\/v2\/media?parent=30"}],"curies":[{"name":"wp","href":"https:\/\/api.w.org\/{rel}","templated":true}]}}

Provedoria e Administração

<p>[vc_row][vc_column][vc_empty_space]<h3 class="grve-element grve-align-left grve-title-no-line grve-h3" style=""><span>Provedoria e Administração</span></h3>[/vc_column][/vc_row][vc_row][vc_column][vc_tta_accordion active_section=&#8221;0&#8243;][vc_tta_section title=&#8221;Provedor&#8221; tab_id=&#8221;1539865449971-35ff8b02-4b01&#8243;]<div class="grve-element grve-image-text" style=""><div class="grve-image"><img loading="lazy" decoding="async" width="264" height="264" src="http://santacasadepelotas.com.br/wp-content/uploads/2023/08/Provedor.png" class="attachment-full size-full" alt="" srcset="http://santacasadepelotas.com.br/wp-content/uploads/2023/08/Provedor.png 1x,http://santacasadepelotas.com.br/wp-content/uploads/2023/08/Provedor.png 2x" /></div>  <div class="grve-content grve-align-left">    <h4>ANGELO FERNANDO ORTIZ DA SILVA</h4>  </div></div>[/vc_tta_section][vc_tta_section title=&#8221;Vice-Provedor&#8221; tab_id=&#8221;1539865449993-189556be-af95&#8243;]<div class="grve-element grve-image-text" style=""><div class="grve-image"><img loading="lazy" decoding="async" width="264" height="264" src="http://santacasadepelotas.com.br/wp-content/uploads/2023/08/ViceProvedor.png" class="attachment-full size-full" alt="" srcset="http://santacasadepelotas.com.br/wp-content/uploads/2023/08/ViceProvedor.png 1x,http://santacasadepelotas.com.br/wp-content/uploads/2023/08/ViceProvedor.png 2x" /></div>  <div class="grve-content grve-align-left">    <h4>PEDRO RENATO RIBEIRO GUIMARÃES </h4>  </div></div>[/vc_tta_section][/vc_tta_accordion][vc_column_text]<span style="font-size: 14pt;"><strong>MESA ADMINISTRATIVA</strong></span><br />
<span style="font-size: 14pt;"><strong>(Gestão: 01/04/2023 a 31/03/2025)</strong></span></p>
<p><strong>Provedor — </strong>ANGELO FERNANDO ORTIZ DA SILVA<br />
<strong>Vice-Provedor — </strong>PEDRO RENATO RIBEIRO GUIMARÃES<br />
<strong>Escrivão — </strong>ELMAR CARLOS HADLER<br />
<strong>Escrivão Adjunto — </strong>MÁRIO ZANETTI<br />
<strong>Tesoureiro — </strong>PAULO TEJADA XAVIER<br />
<strong>Tesoureiro Adjunto — </strong> JOSÉ FRANCISCO LAMAS DOMINGUES</p>
<p><span style="font-size: 14pt;"><strong>Mesários</strong></span><br />
MAURÍCIO ALBERTO GOLDBAUM<br />
UBIRAJARA TERRA<br />
NILTON HAERTEL GOMES<br />
JOSÉ FERNANDO GONZALEZ<br />
FERNANDO PASSOS DA ROCHA<br />
ADOLFO ANTÔNIO FETTER JÚNIOR</p>
<p><span style="font-size: 14pt;"><strong>Suplentes</strong></span><br />
PEDRO MACEDO TRINDADE<br />
NELSON MARTINS SOARES SOBRINHO<br />
CILOTER BORGES IRIBARREM</p>
<p>&nbsp;</p>
<p><span style="font-size: 14pt;"><strong>CONSELHO DELIBERATIVO<br />
(Gestão: 01/07/2024 a 30/06/2027)<br />
</strong></span></p>
<p><strong>Presidente:</strong> José Ricardo Recuero de Castro<br />
<strong>Vice-Presidente:</strong> Sérgio Antônio Ferreira Vinhaes<br />
<strong>1º Secretário:</strong> Carlos Fernando dos Santos Oliveira<br />
<strong>2º Secretário:</strong> Jorge Luiz Martins</p>
<p><span style="font-size: 14pt;"><strong>Conselheiros:</strong></span></p>
<ul>
<li>Antonio Aldrighi Ceron Filho</li>
<li>Antônio Carlos Mazza Leite</li>
<li>Carlos de Lima Silveira</li>
<li>César Renato Ramos Oliveira</li>
<li>Cimarino Alves D’Avila</li>
<li>Cristiano Dettmann</li>
<li>Daicy Jesus Teixeira</li>
<li>Dario Miguel Lorenzi</li>
<li>Diego de Almeida</li>
<li>Gilberto Azambuja Centeno</li>
<li>Gregório Alves D’Avila</li>
<li>Humberto Luiz Langone Sobrinho</li>
<li>Jacir Bonat Cavalheiro</li>
<li>Jair de Oliveira Pereira</li>
<li>Jorge Luiz Almeida da Silva</li>
<li>Jorge Luiz Lucas</li>
<li>José Ananias Silveira do Amaral</li>
<li>Jose Francisco Gonçalves Ruivo</li>
<li>José Gilberto da Cunha Gastal</li>
<li>José Luis Cavalheiro da Cruz</li>
<li>José Menaré Jorge</li>
<li>Luis Fernando da Fonseca Parada</li>
<li>Luiz Carlos Pereira da Silva</li>
<li>Milton Britto de Almeida</li>
<li>Nestor Carlos Aldeia Martins</li>
<li>Ney do Amaral Lamas Junior</li>
<li>Oswaldo Costa Filho</li>
<li>Paulo Ricardo de Carvalho Silva</li>
<li>Pedro Macedo Trindade</li>
<li>Sergio Montagna Terra</li>
<li>Silvio Cesar Gomes Cardoso</li>
<li>Simon Orlando Halpern</li>
<li>Tiago Antunes Veiga</li>
<li>Wilson José Pachalski Filho</li>
</ul>
<p><span style="font-size: 14pt;"><strong>Suplentes:</strong></span></p>
<ul>
<li>Augusto Saleh</li>
<li>Tiago Radmann</li>
<li>Johny Calegaro</li>
</ul>
<p><span style="font-size: 14pt;"><strong>CONSELHO FISCAL</strong></span><br />
<strong>(Gestão: 01/07/2024 a 30/06/2027)</strong></p>
<p><strong>Titulares</strong></p>
<ul>
<li>GABRIEL SHEIN DO COUTO</li>
<li>LUIZ ALBINO COLOMBY</li>
<li>EDILSON TEIXEIRA DO AMARAL BRITO</li>
</ul>
<p><strong>Suplentes</strong></p>
<ul>
<li>PAULO EBIRAJARA BARCELLOS DA SILVA</li>
<li>JOÃO GUILHERME CASAGRANDE JÚNIOR</li>
<li>ALDER DE AZAMBUJA CASTAGNO</li>
</ul>
<p>[/vc_column_text][/vc_column][/vc_row]</p>

<p>[vc_row][vc_column][vc_empty_space][/vc_column][/vc_row][vc_row][vc_column][vc_tta_accordion active_section=&#8221;0&#8243;][vc_tta_section title=&#8221;Provedor&#8221; tab_id=&#8221;1539865449971-35ff8b02-4b01&#8243;][/vc_tta_section][vc_tta_section title=&#8221;Vice-Provedor&#8221; tab_id=&#8221;1539865449993-189556be-af95&#8243;][/vc_tta_section][/vc_tta_accordion][vc_column_text]MESA ADMINISTRATIVA (Gestão: 01/04/2023 a 31/03/2025) Provedor — ANGELO FERNANDO ORTIZ DA SILVA Vice-Provedor — PEDRO RENATO RIBEIRO GUIMARÃES Escrivão — ELMAR CARLOS HADLER Escrivão Adjunto — MÁRIO ZANETTI Tesoureiro — PAULO TEJADA XAVIER Tesoureiro Adjunto —  JOSÉ FRANCISCO LAMAS DOMINGUES Mesários MAURÍCIO ALBERTO GOLDBAUM UBIRAJARA TERRA NILTON HAERTEL GOMES [&hellip;]</p>
